(i).
-8
Let o(c) = -2*c**2 - 19*c - 56. Let q(m) = -m**2 - 10*m - 29. Let k(j) = -3*o(j) + 7*q(j). Let l be k(-10). Let p(x) = -x**2 - 4*x - 5. What is p(l)?
-10
Let o = -108 - -112. Let y(z) = -4*z + 5 + o*z + 8 + 2*z. What is y(-9)?
-5
Let m(d) be the second derivative of -9*d**4/4 - 5*d**3/6 - d**2/2 - 1831*d. Give m(-1).
-23
Suppose -35*r = -54*r + 76. Let f(o) = -o**2 + 4*o - 6. What is f(r)?
-6
Suppose -20*s + 21*s = -3*b - 6, 4*b - 2 = 2*s. Let g(p) = -9*p**2 - p + 1. Determine g(b).
-7
Let n(x) = -9*x**2 + 20 - 145*x**3 - 47*x**3 + 191*x**3 - 11*x. Give n(-7).
-1
Let v(s) = s**3 - 2*s**2 - 4*s - 3. Let u(r) = 6*r**3 - 9*r**2 - 21*r - 16. Let m(a) = 2*u(a) - 11*v(a). Let k = -33 - -29. What is m(k)?
-7
Let l be -48 - (-3 - -2) - (-29 - -25). Suppose 172 = -6*q + 2*q. Let g = q - l. Let k(x) = -x**3 + x**2 - x - 8. What is k(g)?
-8
Let u(k) be the third derivative of k**6/120 + k**5/5 - 5*k**4/8 - 11*k**3/6 - 97*k**2 + 49*k. Let d(i) = -i - 5. Let y be d(8). Give u(y).
15
Let f(w) = 9*w + 15. Let l be f(-6). Let u = l + 32. Let n = -4 - u. Let o(a) = -2*a. Calculate o(n).
-6
Suppose 2*x - 400*q + 403*q - 11 = 0, 15 = -3*q. Let f(r) = r**3 - 15*r**2 + 26*r + 6. Give f(x).
6
Let p(x) = 517*x - 1591*x - 46 + 532*x + 528*x. Determine p(-3).
-4
Suppose -29*n + 66 = 4*n. Suppose -15 = -4*w + 5*z, 3*w + n*z - 19 = 21. Let r(v) = v + 1. Let u(l) = 4*l + 19. Let d(j) = -5*r(j) + u(j). Calculate d(w).
4
Let b(y) = -2*y - 1211*y**2 + 4*y + 2*y - 5*y + 1205*y**2 + 1. Let i(d) = 13*d**2 + 14*d + 4. Let r(n) = 2*b(n) + i(n). Calculate r(-11).
-5
Let f(z) = -z**2 + 6*z - 2. Let p = -19 - -30. Suppose -l + 27 = 3*x, l - 11 = 2*x + p. Suppose 9*y + l = 13*y. Determine f(y).
-2
Let q(m) = 23*m + 81. Suppose 2*k + t + 8 = 2, -4*k + 3*t - 22 = 0. What is q(k)?
-11
Let o(l) = -34*l - 4. Let s(a) = -2*a - 1. Let b(y) = -o(y) + 4*s(y). What is b(0)?
0
Suppose -157*t + 341*t = 162*t - 616. Let l(a) = a**3 + 27*a**2 - 29*a - 9. What is l(t)?
19
Let u(z) be the first derivative of -z**4/4 + 16*z**3/3 + 15*z**2/2 + 19*z - 430. What is u(17)?
-15
Let w(f) = f**3 - 4*f**2 - 2*f - 15. Suppose 2*p - 1391 = -3*p - 2*m, 1401 = 5*p - 3*m. Let q be (-2)/(-19) - p/(-57). Give w(q).
0
Let l(c) = -c - 2. Let j(r) = r**3 - 2*r**2 - 11*r - 14. Let s(o) = j(o) - 6*l(o). Let w be (-6 - -9)/(6/14). Suppose -t - 3 + w = 0. Give s(t).
10
Let k(x) = 11*x - 4*x**2 - 24*x - 35*x + 14*x - 10*x + 99. Calculate k(-13).
-5
Let k(t) be the second derivative of t**5/20 + t**4/3 - 5*t**3/3 - 13*t**2/2 + 3*t + 482. What is k(-6)?
-25
Suppose -21*m + 402 + 249 = 0. Let f = m + -29. Let q(h) be the second derivative of h**3/3 - h**2 - 3*h. Determine q(f).
2
Let n(l) be the second derivative of l**5/20 + 7*l**4/12 - l**3/3 - 4*l**2 + 436*l. Let d = -284 + 277. What is n(d)?
6
Let k(n) = -2*n**3 - 34*n**2 - 123*n - 16. Let f be k(-5). Let u(i) = 30*i**3 + i**2 - i - 3. Calculate u(f).
-31
Let l = 27421 - 27422. Let b(y) be the first derivative of 13*y**2/2 + 2*y + 1. Determine b(l).
-11
Let p(d) = -20*d**2 + 8*d + 10. Let z(w) = w**3 - w**2 - 16*w + 10. Let g be z(4). Let l(h) = 3*h**2 - 1. Let s(v) = g*l(v) - p(v). Determine s(6).
20
Let c(i) = -15*i**2 + 119*i - 76. Let d(p) = -7*p**2 + 56*p - 38. Let a(r) = -6*c(r) + 13*d(r). Calculate a(16).
-70
Let g(d) = d**2 + d - 3. Let f(h) = 174*h - 21. Let u be f(2). Let t = -324 + u. Give g(t).
9
Let p(z) be the second derivative of -z**5/20 + 11*z**4/12 - 2*z**3 - 28*z**2 - 647*z. What is p(9)?
-2
Let w(k) = k**2 - 2. Let v(l) = l**3 - 5*l**2 + 3. Let f be v(5). Suppose f*u - 5*c = 4, 5*u + c = 6*c. Let s be (u - -2)/(-8 + 7). Give w(s).
-2
Let b be (((-42)/(-4))/(-21))/((-5)/70). Let z(d) = -7*d - 10 - 4*d**2 + 2*d**2 + 3*d**2. Calculate z(b).
-10
Suppose 0 = 15*q + 13*q + 84. Let s(r) = 4*r - 2 - 9*r - 4*r. Calculate s(q).
25
Let o(d) = -11*d - 51. Suppose 0 = -13*n + 469 - 547. Determine o(n).
15
Let k(s) be the third derivative of -s**5/30 - s**4/8 + 2*s**3/3 + 8*s**2. Let o be (-2 - (-14)/8)*-12. Let n be o*141/(-135) - 2/(-15). Determine k(n).
-5
Let j be 4/6 - 1900/(-300). Let i(f) = 8*f**2 - 57*f - 2. Determine i(j).
-9
Suppose -3*i + 3*n + 28 - 1 = 0, -5*n = -i + 45. Let r(c) = c**2 - c + 4. Calculate r(i).
4
Suppose -19*q - 20 = 44*q - 146. Let b(w) = -w**2 + 2*w - 4. What is b(q)?
-4
Let j(k) be the third derivative of 5*k**4/24 + 2*k**3/3 + 5*k**2 + k + 39. What is j(-5)?
-21
Suppose 30 = 5*m + 5*w, 0 = 2*m - 7*m - 2*w + 15. Let k(y) = 3 + 4*y - 2*y - m. Let c = 120261 - 120263. Determine k(c).
-2
Let p(q) = 27*q - 25. Suppose -66*x = 32*x - 10*x - 176. Give p(x).
29
Let u(p) = -3*p + 27. Let h be (3 + 3)/(144/456). Calculate u(h).
-30
Let i(r) = -5*r**2 + 14*r - 3. Suppose 2*y - 6 = -2*d, 5*d = -2*y + d. Let v(m) = -4*m**2 + 12*m - 2. Let x(b) = y*v(b) - 5*i(b). Give x(-4).
11
Let i(r) = r**2 + 6*r - 4. Let a = 28 + -28. Suppose -5*j + j + 4 = a. Let b be (2 - j)/((-3)/15). Calculate i(b).
-9
Let y(w) = -42*w**3 - 290*w**2 - 6*w - 56. Let v(o) = -6*o**3 - 41*o**2 - o - 8. Let z(m) = -15*v(m) + 2*y(m). What is z(-6)?
-46
Let t = -14240 - -14244. Let d(s) be the second derivative of 1/12*s**t + 0 + 7/2*s**2 + 4/3*s**3 + 31*s. Calculate d(-6).
-5
Let d(i) = i**3 - 32*i**2 + 28*i + 90. Let r be 36 + (0 - 2)*25/10. Let q be d(r). Let v(x) = x**3 + 4*x**2 + 3*x + 1. Determine v(q).
1
Let j(l) = l**2 + 22*l - 204. Let a = -13002 + 12973. Determine j(a).
-1
Let r(l) = l**2 + l - 3. Suppose -116*y + 108*y - 32 = 0. Give r(y).
9
Let n = -10 - -14. Suppose -5*f + 1 = -o - 2, -n*f + 15 = o. Let s(w) be the second derivative of w**4/12 - 3*w**3/2 + 7*w**2/2 + 3*w - 34. What is s(o)?
-7
Suppose 5 = -3*v + n + 19, 2 = -v - 3*n. Suppose h + 2*h = -m - 31, 4*h + v*m = -52. Let u(z) = -9*z - 4 - 5*z + 5*z + 10*z. Calculate u(h).
-13
Suppose -21*j = -68*j + 32*j. Let b(l) = -l - 103. Determine b(j).
-103
Let z(h) = -2 + 119*h + 17 + 75*h + 1 - 151*h + 2*h**2. Calculate z(-21).
-5
Let l(m) = 4 - 9 + 7*m + 3*m**2 - m**3 - 8*m + 10 + 2*m - 12*m**2. Suppose 2*q + 17 + 1 = 0. What is l(q)?
-4
Let d(c) = -c**2 - 10*c - 6. Let l = 143 - 132. Suppose 2*w = -5*z - l - 28, 4*z - 4*w = -20. Determine d(z).
15
Let f(n) be the third derivative of n**5/30 - 19*n**4/24 - 3*n**3/2 + 234*n**2. Give f(9).
-18
Let a(y) = -7*y**2 - 5*y + 3. Let o(n) be the third derivative of -13*n**5/60 - 5*n**4/12 + 2*n**3/3 - 177*n**2. Let h(w) = -7*a(w) + 4*o(w). What is h(-2)?
-7
Let b(y) = 90*y - 423*y - 19*y - 16*y**2 + 11. Determine b(-22).
11
Let s(b) = 3*b - 4. Suppose 0 = 77*d - 75*d. Suppose d = p - q - 6, q = -3*p - 4*q - 22. Let m be (-144)/(-32) - p/(-2). Determine s(m).
11
Let p = 22921 + -22917. Let b(q) = q**2 - 7*q + 11. Give b(p).
-1
Let a(r) be the second derivative of r**5/20 + r**4/12 - r**3/3 + 2*r**2 - 44*r - 5. Give a(0).
4
Let u(z) = -5*z**2 - 30*z - 182. Let t(h) = 7*h**2 + 24*h + 181. Let g(r) = -2*t(r) - 3*u(r). Calculate g(-37).
-1
Let x(k) = 7*k - 3. Let q(s) = 30*s - 12. Let z(o) = -6*q(o) + 26*x(o). Suppose -2*v - 3 = -21. Determine z(v).
12
Let g(o) = -99*o + 79. Let w(h) = -43*h + 40. Let m(n) = 4*g(n) - 9*w(n). Calculate m(-4).
-8
Let o(x) = -2*x**2 + 4*x + 63. Let v(u) = 8*u + 87. Let b be v(-10). Give o(b).
-7
Let p(h) = -h**3 + 1771 - 25*h**2 + 24*h**2 + 33*h - 29*h**2 - 1725. Determine p(-31).
-16
Let n(z) = -1. Let d(q) be the first derivative of -q**3/3 + q**2/2 + 2*q + 11. Let k(p) = -d(p) + 4*n(p). Determine k(5).
14
Let m(u) be the third derivative of u**6/120 - 7*u**5/20 + 11*u**4/12 - 25*u**3/3 - 2*u**2 - 37. Calculate m(20).
-10
Let a(p) = -p**3 + 7*p**2 - 5*p + 3. Let y be a(6). Let u(k) = 89587*k - 44733*k - 12 - 44853*k. Determine u(y).
-3
Suppose 4 + 0 = -j. Let o(b) be the first derivative of -b**3/3 - 3*b**2/2 + b + 212. Give o(j).
-3
Let h(t) be the first derivative of t**4/12 + 5*t**3/6 - 7*t**2/2 + 19*t - 9. Let w(g) be the first derivative of h(g). Determine w(-5).
-7
Suppose -k + 5*o = 18, o = 2*k - 5*k + 10. Suppose k*j = 3*d - 4*d, 2*d - 2*j = 12. Let c(m) = m**2 - 7*m + 7. What is c(d)?
-5
Let i(j) = -j. Suppose -10*r + 48 = -7*r. Suppose -3*z - z = -r. Let t be 147/14*z/(-6). What is i(t)?
7
Suppose 0 = -5*p + 5*l + 95, -p + 25 = -25*l + 21*l. Let j = 21 + -12. Let t(c) = -9 - 7*c + p*c - j*c. What is t(0)?
-9
Let n(a) = -3*